{"id":20896,"date":"2022-07-14T14:57:21","date_gmt":"2022-07-14T14:57:21","guid":{"rendered":"https:\/\/maieroffice.cat\/productes\/nodo\/"},"modified":"2024-06-19T10:24:03","modified_gmt":"2024-06-19T10:24:03","slug":"nodo","status":"publish","type":"productes","link":"https:\/\/maieroffice.cat\/es\/productos\/nodo\/","title":{"rendered":"Node"},"content":{"rendered":"\n<figure class=\"wp-block-image size-large is-resized\"><img fetchpriority=\"high\" decoding=\"async\" src=\"http:\/\/maieroffice.cat\/wp-content\/uploads\/2022\/07\/C5832_1600x1200_20150220-140-scaled-e1657809914167-1024x768.jpg\" alt=\"\" class=\"wp-image-14047\" width=\"910\" height=\"682\" srcset=\"https:\/\/maieroffice.cat\/wp-content\/uploads\/2022\/07\/C5832_1600x1200_20150220-140-scaled-e1657809914167-1024x768.jpg 1024w, https:\/\/maieroffice.cat\/wp-content\/uploads\/2022\/07\/C5832_1600x1200_20150220-140-scaled-e1657809914167-300x225.jpg 300w, https:\/\/maieroffice.cat\/wp-content\/uploads\/2022\/07\/C5832_1600x1200_20150220-140-scaled-e1657809914167-768x576.jpg 768w, https:\/\/maieroffice.cat\/wp-content\/uploads\/2022\/07\/C5832_1600x1200_20150220-140-scaled-e1657809914167.jpg 1200w\" sizes=\"(max-width: 910px) 100vw, 910px\" \/><\/figure>\n\n<h2 class=\"wp-block-heading\">Interiorismo para centros educativos<\/h2>\n\n<p>En Maieroffice hace tiempo que trabajamos con universidades y centros educativos del pa\u00eds. Tenemos una amplia experiencia en este \u00e1mbito equipando a universidades como la Universidad de Vic y otros centros de ense\u00f1anza.<\/p>\n\n<p>La silla Node es una de las que nos ha dado mejores resultados en estos espacios.<\/p>\n\n<h3 class=\"wp-block-heading\">Base<\/h3>\n\n<figure class=\"wp-block-image size-large is-resized\"><img decoding=\"async\" src=\"http:\/\/maieroffice.cat\/wp-content\/uploads\/2022\/07\/19-0115260-scaled-1-1024x576.jpg\" alt=\"\" class=\"wp-image-14053\" width=\"781\" height=\"440\" srcset=\"https:\/\/maieroffice.cat\/wp-content\/uploads\/2022\/07\/19-0115260-scaled-1-1024x576.jpg 1024w, https:\/\/maieroffice.cat\/wp-content\/uploads\/2022\/07\/19-0115260-scaled-1-300x169.jpg 300w, https:\/\/maieroffice.cat\/wp-content\/uploads\/2022\/07\/19-0115260-scaled-1-768x432.jpg 768w, https:\/\/maieroffice.cat\/wp-content\/uploads\/2022\/07\/19-0115260-scaled-1-1536x864.jpg 1536w, https:\/\/maieroffice.cat\/wp-content\/uploads\/2022\/07\/19-0115260-scaled-1-2048x1152.jpg 2048w\" sizes=\"(max-width: 781px) 100vw, 781px\" \/><\/figure>\n\n<p>La base de Node proporciona elecci\u00f3n y versatilidad para satisfacer las necesidades de distintos espacios y estudiantes. Las opciones incluyen la base de cinco radios y la base tr\u00edpode con ruedas para guardar objetos personales, combinadas con asiento giratorio para movimientos r\u00e1pidos y fluidos.<\/p>\n\n<h3 class=\"wp-block-heading\">Asiento<\/h3>\n\n<figure class=\"wp-block-image size-large\"><img decoding=\"async\" width=\"1024\" height=\"767\" src=\"http:\/\/maieroffice.cat\/wp-content\/uploads\/2022\/07\/18-0108778-1024x767.jpg\" alt=\"\" class=\"wp-image-14051\" srcset=\"https:\/\/maieroffice.cat\/wp-content\/uploads\/2022\/07\/18-0108778-1024x767.jpg 1024w, https:\/\/maieroffice.cat\/wp-content\/uploads\/2022\/07\/18-0108778-300x225.jpg 300w, https:\/\/maieroffice.cat\/wp-content\/uploads\/2022\/07\/18-0108778-768x576.jpg 768w, https:\/\/maieroffice.cat\/wp-content\/uploads\/2022\/07\/18-0108778-1536x1151.jpg 1536w, https:\/\/maieroffice.cat\/wp-content\/uploads\/2022\/07\/18-0108778.jpg 1800w\" sizes=\"(max-width: 1024px) 100vw, 1024px\" \/><\/figure>\n\n<p>La concha de asiento de Node es una soluci\u00f3n flexible y de f\u00e1cil limpieza. Para un nivel m\u00e1s alto de est\u00e9tica y confort, Node ofrece una atractiva almohada de asiento, id\u00f3nea para espacios de aprendizaje en posici\u00f3n sentada de larga duraci\u00f3n.<\/p>\n\n<h3 class=\"wp-block-heading\">Espacio de trabajo personal<\/h3>\n\n<figure class=\"wp-block-image size-large\"><img loading=\"lazy\" decoding=\"async\" width=\"1024\" height=\"767\" src=\"http:\/\/maieroffice.cat\/wp-content\/uploads\/2022\/07\/11-0002443-1024x767.jpg\" alt=\"\" class=\"wp-image-14049\" srcset=\"https:\/\/maieroffice.cat\/wp-content\/uploads\/2022\/07\/11-0002443-1024x767.jpg 1024w, https:\/\/maieroffice.cat\/wp-content\/uploads\/2022\/07\/11-0002443-300x225.jpg 300w, https:\/\/maieroffice.cat\/wp-content\/uploads\/2022\/07\/11-0002443-768x576.jpg 768w, https:\/\/maieroffice.cat\/wp-content\/uploads\/2022\/07\/11-0002443-1536x1151.jpg 1536w, https:\/\/maieroffice.cat\/wp-content\/uploads\/2022\/07\/11-0002443.jpg 1800w\" sizes=\"(max-width: 1024px) 100vw, 1024px\" \/><\/figure>\n\n<p>La silla node ha sido dise\u00f1ada con un espacio de trabajo personal ajustable que se adapta a las necesidades de estudiantes de diferentes morfolog\u00edas y tama\u00f1os. Se desliza hacia dentro o hacia fuera ajust\u00e1ndose de forma muy intuitiva para ofrecer el m\u00e1ximo confort.<\/p>\n","protected":false},"featured_media":19289,"template":"","meta":{"site-sidebar-layout":"default","site-content-layout":"","ast-site-content-layout":"default","site-content-style":"default","site-sidebar-style":"default","ast-global-header-display":"","ast-banner-title-visibility":"","ast-main-header-display":"","ast-hfb-above-header-display":"","ast-hfb-below-header-display":"","ast-hfb-mobile-header-display":"","site-post-title":"","ast-breadcrumbs-content":"","ast-featured-img":"","footer-sml-layout":"","ast-disable-related-posts":"","theme-transparent-header-meta":"","adv-header-id-meta":"","stick-header-meta":"","header-above-stick-meta":"","header-main-stick-meta":"","header-below-stick-meta":"","astra-migrate-meta-layouts":"default","ast-page-background-enabled":"default","ast-page-background-meta":{"desktop":{"background-color":"var(--ast-global-color-4)","background-image":"","background-repeat":"repeat","background-position":"center center","background-size":"auto","background-attachment":"scroll","background-type":"","background-media":"","overlay-type":"","overlay-color":"","overlay-opacity":"","overlay-gradient":""},"tablet":{"background-color":"","background-image":"","background-repeat":"repeat","background-position":"center center","background-size":"auto","background-attachment":"scroll","background-type":"","background-media":"","overlay-type":"","overlay-color":"","overlay-opacity":"","overlay-gradient":""},"mobile":{"background-color":"","background-image":"","background-repeat":"repeat","background-position":"center center","background-size":"auto","background-attachment":"scroll","background-type":"","background-media":"","overlay-type":"","overlay-color":"","overlay-opacity":"","overlay-gradient":""}},"ast-content-background-meta":{"desktop":{"background-color":"var(--ast-global-color-5)","background-image":"","background-repeat":"repeat","background-position":"center center","background-size":"auto","background-attachment":"scroll","background-type":"","background-media":"","overlay-type":"","overlay-color":"","overlay-opacity":"","overlay-gradient":""},"tablet":{"background-color":"var(--ast-global-color-5)","background-image":"","background-repeat":"repeat","background-position":"center center","background-size":"auto","background-attachment":"scroll","background-type":"","background-media":"","overlay-type":"","overlay-color":"","overlay-opacity":"","overlay-gradient":""},"mobile":{"background-color":"var(--ast-global-color-5)","background-image":"","background-repeat":"repeat","background-position":"center center","background-size":"auto","background-attachment":"scroll","background-type":"","background-media":"","overlay-type":"","overlay-color":"","overlay-opacity":"","overlay-gradient":""}}},"etiquetes-mobles":[],"categories-mobles":[464,463,375,465,466],"marques":[399],"class_list":["post-20896","productes","type-productes","status-publish","has-post-thumbnail","hentry","categories-mobles-sillas-academias-formacion","categories-mobles-sillas-universidad","categories-mobles-sillas-clases-aulas","categories-mobles-sillas-escuelas","categories-mobles-sillas-institutos","marques-steelcase-barcelona"],"_links":{"self":[{"href":"https:\/\/maieroffice.cat\/es\/wp-json\/wp\/v2\/productes\/20896","targetHints":{"allow":["GET"]}}],"collection":[{"href":"https:\/\/maieroffice.cat\/es\/wp-json\/wp\/v2\/productes"}],"about":[{"href":"https:\/\/maieroffice.cat\/es\/wp-json\/wp\/v2\/types\/productes"}],"wp:featuredmedia":[{"embeddable":true,"href":"https:\/\/maieroffice.cat\/es\/wp-json\/wp\/v2\/media\/19289"}],"wp:attachment":[{"href":"https:\/\/maieroffice.cat\/es\/wp-json\/wp\/v2\/media?parent=20896"}],"wp:term":[{"taxonomy":"etiquetes-mobles","embeddable":true,"href":"https:\/\/maieroffice.cat\/es\/wp-json\/wp\/v2\/etiquetes-mobles?post=20896"},{"taxonomy":"categories-mobles","embeddable":true,"href":"https:\/\/maieroffice.cat\/es\/wp-json\/wp\/v2\/categories-mobles?post=20896"},{"taxonomy":"marques","embeddable":true,"href":"https:\/\/maieroffice.cat\/es\/wp-json\/wp\/v2\/marques?post=20896"}],"curies":[{"name":"wp","href":"https:\/\/api.w.org\/{rel}","templated":true}]}}

<figure class="wp-block-image size-large is-resized"><img fetchpriority="high" decoding="async" src="http://maieroffice.cat/wp-content/uploads/2022/07/C5832_1600x1200_20150220-140-scaled-e1657809914167-1024x768.jpg" alt="" class="wp-image-14047" width="910" height="682" srcset="https://maieroffice.cat/wp-content/uploads/2022/07/C5832_1600x1200_20150220-140-scaled-e1657809914167-1024x768.jpg 1024w, https://maieroffice.cat/wp-content/uploads/2022/07/C5832_1600x1200_20150220-140-scaled-e1657809914167-300x225.jpg 300w, https://maieroffice.cat/wp-content/uploads/2022/07/C5832_1600x1200_20150220-140-scaled-e1657809914167-768x576.jpg 768w, https://maieroffice.cat/wp-content/uploads/2022/07/C5832_1600x1200_20150220-140-scaled-e1657809914167.jpg 1200w" sizes="(max-width: 910px) 100vw, 910px" /></figure>

<h2 class="wp-block-heading">Interiorismo para centros educativos</h2>

<p>En Maieroffice hace tiempo que trabajamos con universidades y centros educativos del país. Tenemos una amplia experiencia en este ámbito equipando a universidades como la Universidad de Vic y otros centros de enseñanza.</p>

<p>La silla Node es una de las que nos ha dado mejores resultados en estos espacios.</p>

<h3 class="wp-block-heading">Base</h3>

<figure class="wp-block-image size-large is-resized"><img decoding="async" src="http://maieroffice.cat/wp-content/uploads/2022/07/19-0115260-scaled-1-1024x576.jpg" alt="" class="wp-image-14053" width="781" height="440" srcset="https://maieroffice.cat/wp-content/uploads/2022/07/19-0115260-scaled-1-1024x576.jpg 1024w, https://maieroffice.cat/wp-content/uploads/2022/07/19-0115260-scaled-1-300x169.jpg 300w, https://maieroffice.cat/wp-content/uploads/2022/07/19-0115260-scaled-1-768x432.jpg 768w, https://maieroffice.cat/wp-content/uploads/2022/07/19-0115260-scaled-1-1536x864.jpg 1536w, https://maieroffice.cat/wp-content/uploads/2022/07/19-0115260-scaled-1-2048x1152.jpg 2048w" sizes="(max-width: 781px) 100vw, 781px" /></figure>

<p>La base de Node proporciona elección y versatilidad para satisfacer las necesidades de distintos espacios y estudiantes. Las opciones incluyen la base de cinco radios y la base trípode con ruedas para guardar objetos personales, combinadas con asiento giratorio para movimientos rápidos y fluidos.</p>

<h3 class="wp-block-heading">Asiento</h3>

<figure class="wp-block-image size-large"><img decoding="async" width="1024" height="767" src="http://maieroffice.cat/wp-content/uploads/2022/07/18-0108778-1024x767.jpg" alt="" class="wp-image-14051" srcset="https://maieroffice.cat/wp-content/uploads/2022/07/18-0108778-1024x767.jpg 1024w, https://maieroffice.cat/wp-content/uploads/2022/07/18-0108778-300x225.jpg 300w, https://maieroffice.cat/wp-content/uploads/2022/07/18-0108778-768x576.jpg 768w, https://maieroffice.cat/wp-content/uploads/2022/07/18-0108778-1536x1151.jpg 1536w, https://maieroffice.cat/wp-content/uploads/2022/07/18-0108778.jpg 1800w" sizes="(max-width: 1024px) 100vw, 1024px" /></figure>

<p>La concha de asiento de Node es una solución flexible y de fácil limpieza. Para un nivel más alto de estética y confort, Node ofrece una atractiva almohada de asiento, idónea para espacios de aprendizaje en posición sentada de larga duración.</p>

<h3 class="wp-block-heading">Espacio de trabajo personal</h3>

<figure class="wp-block-image size-large"><img loading="lazy" decoding="async" width="1024" height="767" src="http://maieroffice.cat/wp-content/uploads/2022/07/11-0002443-1024x767.jpg" alt="" class="wp-image-14049" srcset="https://maieroffice.cat/wp-content/uploads/2022/07/11-0002443-1024x767.jpg 1024w, https://maieroffice.cat/wp-content/uploads/2022/07/11-0002443-300x225.jpg 300w, https://maieroffice.cat/wp-content/uploads/2022/07/11-0002443-768x576.jpg 768w, https://maieroffice.cat/wp-content/uploads/2022/07/11-0002443-1536x1151.jpg 1536w, https://maieroffice.cat/wp-content/uploads/2022/07/11-0002443.jpg 1800w" sizes="(max-width: 1024px) 100vw, 1024px" /></figure>

<p>La silla node ha sido diseñada con un espacio de trabajo personal ajustable que se adapta a las necesidades de estudiantes de diferentes morfologías y tamaños. Se desliza hacia dentro o hacia fuera ajustándose de forma muy intuitiva para ofrecer el máximo confort.</p>
