{"id":20817,"date":"2022-03-17T10:38:36","date_gmt":"2022-03-17T10:38:36","guid":{"rendered":"https:\/\/maieroffice.cat\/productes\/longo-pod\/"},"modified":"2022-09-28T12:28:40","modified_gmt":"2022-09-28T12:28:40","slug":"longo-pod","status":"publish","type":"productes","link":"https:\/\/maieroffice.cat\/es\/productos\/longo-pod\/","title":{"rendered":"Longo Pod"},"content":{"rendered":"\n<h2 class=\"wp-block-heading\">Espacios privados en oficinas abiertas<\/h2>\n\n<p>El sistema Longo Pod est\u00e1 configurado por sof\u00e1s, asientos, mesas y separadores que permiten crear espacios destinados al trabajo personal oa las reuniones colaborativas. Gracias a las propiedades fonoabsorbentes de sus materiales, se pueden crear espacios aislados ac\u00fasticamente.<\/p>\n\n<p>A\u00f1ade un espacio a tu oficina donde trabajar de una forma diferente. Combina m\u00faltiples opciones de tapizado para personalizar tu espacio adapt\u00e1ndolo a tu oficina.<\/p>\n\n<p>Crea un espacio de trabajo amable y creativo que sorprender\u00e1 a todo el mundo.<\/p>\n\n<figure class=\"wp-block-image alignleft\"><img decoding=\"async\" src=\"http:\/\/maieroffice.cat\/wp-content\/uploads\/2022\/03\/longo-modular_1920_1080.jpeg\" alt=\"\" class=\"wp-image-11002\"><\/figure>\n\n<h2 class=\"wp-block-heading\">M\u00faltiples combinaciones<\/h2>\n\n<p>Gracias a los distintos elementos del Longo Pod, ya los colores y acabados disponibles, se pueden crear todo tipo de combinaciones para adaptarse a cada espacio de trabajo. Con una s\u00f3lida estructura como base son elementos duraderos que dar\u00e1n servicio durante muchos a\u00f1os. Un elevado grado de personalizaci\u00f3n para crear espacios amables, orientados a la creatividad y la colaboraci\u00f3n.<\/p>\n\n<figure class=\"wp-block-embed is-type-video is-provider-youtube wp-block-embed-youtube wp-embed-aspect-16-9 wp-has-aspect-ratio\"><div class=\"wp-block-embed__wrapper\">\n<iframe title=\"Longo\" width=\"500\" height=\"281\" src=\"https:\/\/www.youtube.com\/embed\/jwW7ziCWk3c?feature=oembed\" frameborder=\"0\" allow=\"accelerometer; autoplay; clipboard-write; encrypted-media; gyroscope; picture-in-picture; web-share\" referrerpolicy=\"strict-origin-when-cross-origin\" allowfullscreen><\/iframe>\n<\/div><\/figure>\n","protected":false},"featured_media":12499,"template":"","meta":{"site-sidebar-layout":"default","site-content-layout":"","ast-site-content-layout":"default","site-content-style":"default","site-sidebar-style":"default","ast-global-header-display":"","ast-banner-title-visibility":"","ast-main-header-display":"","ast-hfb-above-header-display":"","ast-hfb-below-header-display":"","ast-hfb-mobile-header-display":"","site-post-title":"","ast-breadcrumbs-content":"","ast-featured-img":"","footer-sml-layout":"","ast-disable-related-posts":"","theme-transparent-header-meta":"","adv-header-id-meta":"","stick-header-meta":"","header-above-stick-meta":"","header-main-stick-meta":"","header-below-stick-meta":"","astra-migrate-meta-layouts":"default","ast-page-background-enabled":"default","ast-page-background-meta":{"desktop":{"background-color":"var(--ast-global-color-4)","background-image":"","background-repeat":"repeat","background-position":"center center","background-size":"auto","background-attachment":"scroll","background-type":"","background-media":"","overlay-type":"","overlay-color":"","overlay-opacity":"","overlay-gradient":""},"tablet":{"background-color":"","background-image":"","background-repeat":"repeat","background-position":"center center","background-size":"auto","background-attachment":"scroll","background-type":"","background-media":"","overlay-type":"","overlay-color":"","overlay-opacity":"","overlay-gradient":""},"mobile":{"background-color":"","background-image":"","background-repeat":"repeat","background-position":"center center","background-size":"auto","background-attachment":"scroll","background-type":"","background-media":"","overlay-type":"","overlay-color":"","overlay-opacity":"","overlay-gradient":""}},"ast-content-background-meta":{"desktop":{"background-color":"var(--ast-global-color-5)","background-image":"","background-repeat":"repeat","background-position":"center center","background-size":"auto","background-attachment":"scroll","background-type":"","background-media":"","overlay-type":"","overlay-color":"","overlay-opacity":"","overlay-gradient":""},"tablet":{"background-color":"var(--ast-global-color-5)","background-image":"","background-repeat":"repeat","background-position":"center center","background-size":"auto","background-attachment":"scroll","background-type":"","background-media":"","overlay-type":"","overlay-color":"","overlay-opacity":"","overlay-gradient":""},"mobile":{"background-color":"var(--ast-global-color-5)","background-image":"","background-repeat":"repeat","background-position":"center center","background-size":"auto","background-attachment":"scroll","background-type":"","background-media":"","overlay-type":"","overlay-color":"","overlay-opacity":"","overlay-gradient":""}}},"etiquetes-mobles":[336],"categories-mobles":[383],"marques":[402],"class_list":["post-20817","productes","type-productes","status-publish","has-post-thumbnail","hentry","etiquetes-mobles-aules-i-formacio","categories-mobles-sillones-oficina-colaboracion","marques-actiu-barcelona"],"_links":{"self":[{"href":"https:\/\/maieroffice.cat\/es\/wp-json\/wp\/v2\/productes\/20817","targetHints":{"allow":["GET"]}}],"collection":[{"href":"https:\/\/maieroffice.cat\/es\/wp-json\/wp\/v2\/productes"}],"about":[{"href":"https:\/\/maieroffice.cat\/es\/wp-json\/wp\/v2\/types\/productes"}],"wp:featuredmedia":[{"embeddable":true,"href":"https:\/\/maieroffice.cat\/es\/wp-json\/wp\/v2\/media\/12499"}],"wp:attachment":[{"href":"https:\/\/maieroffice.cat\/es\/wp-json\/wp\/v2\/media?parent=20817"}],"wp:term":[{"taxonomy":"etiquetes-mobles","embeddable":true,"href":"https:\/\/maieroffice.cat\/es\/wp-json\/wp\/v2\/etiquetes-mobles?post=20817"},{"taxonomy":"categories-mobles","embeddable":true,"href":"https:\/\/maieroffice.cat\/es\/wp-json\/wp\/v2\/categories-mobles?post=20817"},{"taxonomy":"marques","embeddable":true,"href":"https:\/\/maieroffice.cat\/es\/wp-json\/wp\/v2\/marques?post=20817"}],"curies":[{"name":"wp","href":"https:\/\/api.w.org\/{rel}","templated":true}]}}

<h2 class="wp-block-heading">Espacios privados en oficinas abiertas</h2>

<p>El sistema Longo Pod está configurado por sofás, asientos, mesas y separadores que permiten crear espacios destinados al trabajo personal oa las reuniones colaborativas. Gracias a las propiedades fonoabsorbentes de sus materiales, se pueden crear espacios aislados acústicamente.</p>

<p>Añade un espacio a tu oficina donde trabajar de una forma diferente. Combina múltiples opciones de tapizado para personalizar tu espacio adaptándolo a tu oficina.</p>

<p>Crea un espacio de trabajo amable y creativo que sorprenderá a todo el mundo.</p>

<figure class="wp-block-image alignleft"><img decoding="async" src="http://maieroffice.cat/wp-content/uploads/2022/03/longo-modular_1920_1080.jpeg" alt="" class="wp-image-11002"></figure>

<h2 class="wp-block-heading">Múltiples combinaciones</h2>

<p>Gracias a los distintos elementos del Longo Pod, ya los colores y acabados disponibles, se pueden crear todo tipo de combinaciones para adaptarse a cada espacio de trabajo. Con una sólida estructura como base son elementos duraderos que darán servicio durante muchos años. Un elevado grado de personalización para crear espacios amables, orientados a la creatividad y la colaboración.</p>

<figure class="wp-block-embed is-type-video is-provider-youtube wp-block-embed-youtube wp-embed-aspect-16-9 wp-has-aspect-ratio"><div class="wp-block-embed__wrapper">
<iframe title="Longo" width="500" height="281" src="https://www.youtube.com/embed/jwW7ziCWk3c?feature=oembed" frameborder="0" allow="accelerometer; autoplay; clipboard-write; encrypted-media; gyroscope; picture-in-picture; web-share" referrerpolicy="strict-origin-when-cross-origin" allowfullscreen></iframe>
</div></figure>
